{"id":11239,"date":"2022-05-20T10:36:08","date_gmt":"2022-05-20T08:36:08","guid":{"rendered":"https:\/\/agapesdebordeaux.org\/?post_type=product&#038;p=11239"},"modified":"2023-12-28T22:05:50","modified_gmt":"2023-12-28T21:05:50","slug":"riz-rond-etang-de-marseillette-sachet-1-kg","status":"publish","type":"product","link":"https:\/\/agapesdebordeaux.org\/index.php\/produit\/riz-rond-etang-de-marseillette-sachet-1-kg\/","title":{"rendered":"Riz rond &#8211; Etang de Marseillette &#8211; Sachet 1 kg"},"content":{"rendered":"<p>Id\u00e9al pour les sushi, sashimi, mais aussi pour les risottos<\/p>\n<p>&nbsp;<\/p>\n<p>&nbsp;<\/p>\n","protected":false},"excerpt":{"rendered":"<p>La Haute Haleur Environnementale (HVE) garantit que les pratiques agricoles utilis\u00e9es sur l&rsquo;ensemble d&rsquo;une exploitation pr\u00e9servent l&rsquo;\u00e9cosyst\u00e8me naturel et r\u00e9duisent au minimum la pression sur l&rsquo;environnement (sol, eau, biodiversit\u00e9&#8230;). Il s&rsquo;agit d&rsquo;une mention valorisante, pr\u00e9vue par le Code rural et de la p\u00eache maritime, au m\u00eame titre que \u00ab produit de montagne \u00bb ou encore \u00ab produit \u00e0 la ferme \u00bb.<\/p>\n<p>Il s&rsquo;agit d&rsquo;une d\u00e9marche volontaire qui est mise en \u0153uvre par les agriculteurs pour valoriser leurs bonnes pratiques.<\/p>\n<p>La Haute valeur environnementale est soumise \u00e0 une r\u00e9glementation nationale. Pour conserver cette mention, les exploitations agricoles sont audit\u00e9es au moins une fois tous les dix-huit mois par un <a tabindex=\"0\" title=\"organisme certificateur (Nouvelle fen\u00eatre)\" href=\"http:\/\/agriculture.gouv.fr\/certification-environnementale-liste-des-organismes-certificateurs-agrees-par-le-ministere-de\" target=\"_blank\" rel=\"noopener\">organisme certificateur<\/a> agr\u00e9\u00e9 par le minist\u00e8re charg\u00e9 de l\u2019agriculture.<\/p>\n","protected":false},"featured_media":11236,"template":"","meta":[],"product_brand":[],"product_cat":[29],"product_tag":[73,70],"class_list":{"0":"post-11239","1":"product","2":"type-product","3":"status-publish","4":"has-post-thumbnail","6":"product_cat-epicerie","7":"product_tag-haute-valeur-environnementale","8":"product_tag-occitanie","10":"first","11":"outofstock","12":"taxable","13":"shipping-taxable","14":"purchasable","15":"product-type-simple"},"_links":{"self":[{"href":"https:\/\/agapesdebordeaux.org\/index.php\/wp-json\/wp\/v2\/product\/11239","targetHints":{"allow":["GET"]}}],"collection":[{"href":"https:\/\/agapesdebordeaux.org\/index.php\/wp-json\/wp\/v2\/product"}],"about":[{"href":"https:\/\/agapesdebordeaux.org\/index.php\/wp-json\/wp\/v2\/types\/product"}],"wp:featuredmedia":[{"embeddable":true,"href":"https:\/\/agapesdebordeaux.org\/index.php\/wp-json\/wp\/v2\/media\/11236"}],"wp:attachment":[{"href":"https:\/\/agapesdebordeaux.org\/index.php\/wp-json\/wp\/v2\/media?parent=11239"}],"wp:term":[{"taxonomy":"product_brand","embeddable":true,"href":"https:\/\/agapesdebordeaux.org\/index.php\/wp-json\/wp\/v2\/product_brand?post=11239"},{"taxonomy":"product_cat","embeddable":true,"href":"https:\/\/agapesdebordeaux.org\/index.php\/wp-json\/wp\/v2\/product_cat?post=11239"},{"taxonomy":"product_tag","embeddable":true,"href":"https:\/\/agapesdebordeaux.org\/index.php\/wp-json\/wp\/v2\/product_tag?post=11239"}],"curies":[{"name":"wp","href":"https:\/\/api.w.org\/{rel}","templated":true}]}}