{"id":16,"date":"2020-07-22T13:47:56","date_gmt":"2020-07-22T13:47:56","guid":{"rendered":"https:\/\/demo.wpstartersites.com\/lifestyle-blog\/?page_id=16"},"modified":"2025-05-10T16:47:41","modified_gmt":"2025-05-10T14:47:41","slug":"home","status":"publish","type":"page","link":"https:\/\/agapesdebordeaux.org\/","title":{"rendered":"Nos Valeurs"},"content":{"rendered":"\n<div class=\"wp-block-cover alignfull is-light\" style=\"min-height:148px;aspect-ratio:unset;\"><span aria-hidden=\"true\" class=\"wp-block-cover__background has-white-background-color has-background-dim-100 has-background-dim\"><\/span><div class=\"wp-block-cover__inner-container is-layout-constrained wp-block-cover-is-layout-constrained\">\n<p class=\"has-text-align-center has-large-font-size\"><strong>Ici commence votre consommation en circuit-court<\/strong><\/p>\n<\/div><\/div>\n\n\n\n<div class=\"wp-block-media-text alignfull has-media-on-the-right is-stacked-on-mobile\"><div class=\"wp-block-media-text__content\">\n<p class=\"has-text-align-center has-large-font-size\"><strong><mark style=\"background-color:rgba(0, 0, 0, 0);color:#66a3db\" class=\"has-inline-color\">Se nourrir en circuit-court<\/mark><\/strong><\/p>\n\n\n\n<p class=\"has-text-align-justify has-medium-font-size\">Selon la d\u00e9finition du R\u00e8glement de d\u00e9veloppement rural 2014-2020 de l\u2019Union europ\u00e9enne, cela consiste \u00e0 promouvoir un mode de vente en limitant le nombre d&rsquo;interm\u00e9diaires. <\/p>\n\n\n\n<p class=\"has-text-align-center has-medium-font-size\"><br><strong> AGAPES de Bordeaux est l&rsquo;unique interm\u00e9diaire entre les<\/strong><br><strong>producteurs et les consom&rsquo;acteurs. <br><\/strong><\/p>\n\n\n\n<p class=\"has-medium-font-size\">Nos statuts ont d\u00e9fini que nous pouvions sourcer nos produits sur une distance de 2000 km \u00e0 vol d&rsquo;oiseau, avec une d\u00e9fense de la souverainet\u00e9 de l&rsquo;agriculture europ\u00e9enne.<\/p>\n<\/div><figure class=\"wp-block-media-text__media\"><img loading=\"lazy\" decoding=\"async\" width=\"300\" height=\"189\" src=\"https:\/\/agapesdebordeaux.org\/wp-content\/uploads\/2019\/10\/shell-3992197_640-300x189.jpg\" alt=\"Clementines \u00e9pluch\u00e9es\" class=\"wp-image-160 size-medium\" srcset=\"https:\/\/agapesdebordeaux.org\/wp-content\/uploads\/2019\/10\/shell-3992197_640-300x189.jpg 300w, https:\/\/agapesdebordeaux.org\/wp-content\/uploads\/2019\/10\/shell-3992197_640-400x253.jpg 400w, https:\/\/agapesdebordeaux.org\/wp-content\/uploads\/2019\/10\/shell-3992197_640.jpg 640w\" sizes=\"auto, (max-width: 300px) 100vw, 300px\" \/><\/figure><\/div>\n\n\n\n<div class=\"wp-block-media-text alignfull is-stacked-on-mobile is-image-fill\"><figure class=\"wp-block-media-text__media\" style=\"background-image:url(https:\/\/demo.wpstartersites.com\/lifestyle-blog\/wp-content\/uploads\/sites\/18\/2020\/07\/people-2591874_1280-1024x682.jpg);background-position:50% 50%\"><img decoding=\"async\" src=\"https:\/\/demo.wpstartersites.com\/lifestyle-blog\/wp-content\/uploads\/sites\/18\/2020\/07\/people-2591874_1280-1024x682.jpg\" alt=\"Personne observant un paysage\" class=\"wp-image-52 size-full\"\/><\/figure><div class=\"wp-block-media-text__content\">\n<p class=\"has-text-align-center has-large-font-size\"><strong><mark style=\"background-color:rgba(0, 0, 0, 0);color:#66a3db\" class=\"has-inline-color\">Notre mission<\/mark><\/strong><\/p>\n\n\n\n<p class=\"has-medium-font-size\">Donner l\u2019acc\u00e8s au plus grand nombre \u00e0 de la nourriture saine et nourrissante.<\/p>\n\n\n\n<p class=\"has-medium-font-size\">Nous participons \u00e0 la r\u00e9duction du gaspillage de la fourche \u00e0 la fourchette. Nous achetons exactement ce que nous allons consommer; les manutentions de produits restent limit\u00e9es \u00e0 la mise en cagette, au transport et la redistribution sur Bordeaux m\u00e9tropole et alentours. Les produits frais peuvent \u00eatre conserv\u00e9s jusqu&rsquo;\u00e0 six semaines. <br><br> <br><\/p>\n<\/div><\/div>\n\n\n\n<div class=\"wp-block-media-text alignfull has-media-on-the-right is-stacked-on-mobile\"><div class=\"wp-block-media-text__content\">\n<p class=\"has-text-align-center has-large-font-size\"><strong><mark style=\"background-color:rgba(0, 0, 0, 0);color:#66a3db\" class=\"has-inline-color\">Nos Valeurs<\/mark><\/strong><\/p>\n\n\n\n<p class=\"has-text-align-left has-medium-font-size\">Acheter au juste prix pour d\u00e9velopper une agriculture de proximit\u00e9 et durable.<br><br>Minimiser l&#8217;empreinte carbone de l&rsquo;activit\u00e9 \u00e9conomique de l&rsquo;association en discutant avec les producteurs de la modalit\u00e9 logistique et en \u00e9valuant nos \u00e9missions de gaz \u00e0 effet de serre pour les approvisionnements.<br><br>Partager les bonnes pratiques pour r\u00e9ussir ensemble notre adaptation aux changements climatiques qui ont un impact d\u00e9j\u00e0 visible sur les productions.<\/p>\n<\/div><figure class=\"wp-block-media-text__media\"><img loading=\"lazy\" decoding=\"async\" width=\"960\" height=\"638\" src=\"https:\/\/agapesdebordeaux.org\/wp-content\/uploads\/2023\/05\/Photo_orange.jpg\" alt=\"oranges\" class=\"wp-image-13033 size-full\" srcset=\"https:\/\/agapesdebordeaux.org\/wp-content\/uploads\/2023\/05\/Photo_orange-300x199.jpg 300w, https:\/\/agapesdebordeaux.org\/wp-content\/uploads\/2023\/05\/Photo_orange-768x510.jpg 768w, https:\/\/agapesdebordeaux.org\/wp-content\/uploads\/2023\/05\/Photo_orange.jpg 960w\" sizes=\"auto, (max-width: 960px) 100vw, 960px\" \/><\/figure><\/div>\n","protected":false},"excerpt":{"rendered":"<p>Se nourrir en circuit-court Selon la d\u00e9finition du R\u00e8glement de d\u00e9veloppement rural 2014-2020 de l\u2019Union europ\u00e9enne, cela consiste \u00e0 promouvoir un mode de vente en limitant le nombre d&rsquo;interm\u00e9diaires. AGAPES de Bordeaux est l&rsquo;unique interm\u00e9diaire entre lesproducteurs et les consom&rsquo;acteurs. Nos statuts ont d\u00e9fini que nous pouvions sourcer nos produits sur une distance de 2000 km \u00e0 vol d&rsquo;oiseau, avec une d\u00e9fense de la souverainet\u00e9 de l&rsquo;agriculture europ\u00e9enne. Notre mission Donner l\u2019acc\u00e8s au plus grand nombre \u00e0 de la nourriture saine et nourrissante. Nous participons \u00e0 la r\u00e9duction du gaspillage de la fourche \u00e0 la fourchette. Nous achetons exactement ce que nous allons consommer; les manutentions de produits restent limit\u00e9es&hellip; <a class=\"read-more\" href=\"https:\/\/agapesdebordeaux.org\/\">Montrer plus<\/a><\/p>\n","protected":false},"author":1,"featured_media":0,"parent":0,"menu_order":0,"comment_status":"closed","ping_status":"closed","template":"template-blank-canvas-full-width.php","meta":{"footnotes":""},"class_list":["post-16","page","type-page","status-publish","hentry"],"_links":{"self":[{"href":"https:\/\/agapesdebordeaux.org\/index.php\/wp-json\/wp\/v2\/pages\/16","targetHints":{"allow":["GET"]}}],"collection":[{"href":"https:\/\/agapesdebordeaux.org\/index.php\/wp-json\/wp\/v2\/pages"}],"about":[{"href":"https:\/\/agapesdebordeaux.org\/index.php\/wp-json\/wp\/v2\/types\/page"}],"author":[{"embeddable":true,"href":"https:\/\/agapesdebordeaux.org\/index.php\/wp-json\/wp\/v2\/users\/1"}],"replies":[{"embeddable":true,"href":"https:\/\/agapesdebordeaux.org\/index.php\/wp-json\/wp\/v2\/comments?post=16"}],"version-history":[{"count":0,"href":"https:\/\/agapesdebordeaux.org\/index.php\/wp-json\/wp\/v2\/pages\/16\/revisions"}],"wp:attachment":[{"href":"https:\/\/agapesdebordeaux.org\/index.php\/wp-json\/wp\/v2\/media?parent=16"}],"curies":[{"name":"wp","href":"https:\/\/api.w.org\/{rel}","templated":true}]}}